3, what is 2 + -5301?
-52cc
In base 9, what is 57 - 34037?
-33870
In base 7, what is 5 - 13402?
-13364
In base 10, what is -1820590 + -4?
-1820594
In base 5, what is 2403001 + 1?
2403002
In base 7, what is -4 + 353514?
353510
In base 9, what is -2 - 1113815?
-1113817
In base 4, what is 2 - 13121331?
-13121323
In base 9, what is 6 - 252213?
-252206
In base 2, what is 100100100 + 11011110101110?
11100011010010
In base 13, what is 2 + ac243?
ac245
In base 12, what is 137 + 708?
843
In base 7, what is -2 + 132360?
132355
In base 15, what is -13 - -bed?
bda
In base 16, what is 7f + ceb?
d6a
In base 10, what is -386765 + -1?
-386766
In base 8, what is -4 + 36657?
36653
In base 6, what is 50 + -1344502?
-1344412
In base 3, what is 0 - 20010112021?
-20010112021
In base 7, what is -3620 + 112?
-3505
In base 16, what is 557 + 12d?
684
In base 8, what is -5 + -74316?
-74323
In base 6, what is 1421512 + 3?
1421515
In base 12, what is 96 - 15949?
-15873
In base 6, what is -5 - -31243?
31234
In base 15, what is 5 - -4861?
4866
In base 11, what is -701444 - 0?
-701444
In base 6, what is -42153313 + 1?
-42153312
In base 10, what is -676 + 8?
-668
In base 13, what is 771 + -222?
54c
In base 7, what is -5310 + -15?
-5325
In base 2, what is -11 + -11111110110?
-11111111001
In base 6, what is 5 + -42112532?
-42112523
In base 11, what is -642 + -216?
-858
In base 7, what is -36431 + -5?
-36436
In base 13, what is -87a7 + -9?
-87b3
In base 7, what is -11151 + 332?
-10516
In base 5, what is 1432 + -133?
1244
In base 15, what is 1 + -61535?
-61534
In base 12, what is -21542 - 2?
-21544
In base 6, what is 20531 - -2502?
23433
In base 12, what is 39075 + 0?
39075
In base 10, what is -800 + -3?
-803
In base 8, what is 37030 - 6?
37022
In base 11, what is 216 + 961?
1077
In base 4, what is 1120333023 - -1?
1120333030
In base 13, what is 530 - -38?
568
In base 13, what is 30464 + 7?
3046b
In base 10, what is -13 - -45833?
45820
In base 2, what is 100110 + -111100111?
-111000001
In base 12, what is -3 + -3160?
-3163
In base 13, what is -5 + -29128?
-29130
In base 12, what is -72 + -2911?
-2983
In base 2, what is -1100000110111 - -101011?
-1100000001100
In base 15, what is -2 - -9264?
9262
In base 7, what is 15 - 31603?
-31555
In base 13, what is 1649 - -75?
16c1
In base 4, what is -111 - -3132?
3021
In base 14, what is 2750 + 4?
2754
In base 8, what is 13631 - 133?
13476
In base 9, what is -3240 - 24?
-3264
In base 13, what is -70a5 + -53?
-7128
In base 12, what is -16 - 9314?
-932a
In base 16, what is a - -159?
163
In base 10, what is 65 - -2724?
2789
In base 16, what is 1849f - -5?
184a4
In base 7, what is 0 + 5515013?
5515013
In base 13, what is -1 + 29529?
29528
In base 8, what is -4736763 - 1?
-4736764
In base 5, what is -4 - 1000?
-1004
In base 16, what is -145 - -4?
-141
In base 15, what is -2d638 - -2?
-2d636
In base 3, what is 1102 - -1012102?
1020211
In base 3, what is -110102 - -10220?
-22112
In base 13, what is -ba5 + 7?
-b9b
In base 7, what is -135361 - -5?
-135353
In base 12, what is -7b243 - -5?
-7b23a
In base 9, what is -5 + 65430?
65424
In base 9, what is 118710 - 3?
118706
In base 5, what is -11410 + -2430?
-14340
In base 10, what is 2376 + 27?
2403
In base 7, what is -164 - 520216?
-520413
In base 8, what is 120045 + 134?
120201
In base 4, what is -3031021120 - 0?
-3031021120
In base 7, what is 331 + -6545?
-6214
In base 10, what is 1138 + 608?
1746
In base 15, what is -146 + 83?
-b3
In base 16, what is 1707 - -1?
1708
In base 6, what is -2 + 103321?
103315
In base 3, what is -111111111 - -2?
-111111102
In base 10, what is -3501 - 109?
-3610
In base 12, what is 190904 - -1?
190905
In base 8, what is 0 + 1554?
1554
In base 8, what is -2011 + 4230?
2217
In base 10, what is 959 - 1051?
-92
In base 12, what is -132513 + 3?
-132510
In base 8, what is -113211 - 11?
-113222
In base 12, what is -6233 - 199?
-6410
In base 4, what is -102000 - 13203?
-121203
In base 10, what is -3 + -526700?
-526703
In base 2, what is 101 - -11000011110011?
11000011111000
In base 3, what is -12122021 - -210102?
-11211212
In base 5, what is 4004 + -2?
4002
In base 8, what is -4 - 114676?
-114702
In base 10, what is -138 - -127?
-11
In base 15, what is 1 + -86ca?
-86c9
In base 4, what is 123 + -20102?
-13313
In base 8, what is 14531412 - 5?
14531405
In base 12, what is -20 - 17b44?
-17b64
In base 7, what is 2133540 - 2?
2133535
In base 4, what is -1220310 - 2?
-1220312
In base 4, what is -10333203010 + 0?
-10333203010
In base 15, what is 787 + -47?
740
In base 9, what is -2 - -485033?
485031
In base 14, what is -2 - -1352?
1350
In base 7, what is 25 + -444?
-416
In base 5, what is -33 - -2233?
2200
In base 6, what is 0 - -4340415?
4340415
In base 10, what is -4 + -83184?
-83188
In base 9, what is 47227 - -2?
47230
In base 8, what is -20035 - -250?
-17565
In base 14, what is 24 - 5b94c?
-5b928
In base 15, what is 83 - 1138?
-10a5
In base 4, what is 13103211 + 0?
13103211
In base 15, what is -2b59 + 4?
-2b55
In base 7, what is -525 - -15516?
14661
In base 14, what is -302 + -8d?
-391
In base 13, what is b + 94c06?
94c14
In base 3, what is 112 + -11212121?
-11212002
In base 14, what is -1a02cb + 7?
-1a02c4
In base 16, what is 3 - -e867?
e86a
In base 12, what is -4888 + -2?
-488a
In base 6, what is 201241 - -31?
201312
In base 9, what is 20504 - 51?
20443
In base 8, what is 5 - -47527?
47534
In base 3, what is 1001 + 2120121?
2121122
In base 7, what is -1660 + 1?
-1656
In base 9, what is 0 + -10675?
-10675
In base 9, what is 85721 - -5?
85726
In base 15, what is -b963a + 3?
-b9637
In base 3, what is 12 + 101111220221?
101111221010
In base 8, what is 345777 + 2?
346001
In base 5, what is 4030 + -1031?
2444
In base 9, what is -3 + 101770?
101766
In base 3, what is -10020100 - -12221?
-10000102
In base 8, what is -3 + 1075416?
1075413
In base 7, what is -23 + 150560?
150534
In base 10, what is -258329 - 0?
-258329
In base 4, what is -2102122 + 0?
-2102122
In base 15, what is -11 + -117ad?
-117be
In base 7, what is 30145 + 1006?
31154
In base 8, what is 5024325 - 1?
5024324
In base 10, what is 307983 + -1?
307982
In base 8, what is 0 - 107444?
-107444
In base 4, what is -1 - 2300320?
-2300321
In base 7, what is 20 + 10502?
10522
In base 8, what is -2161453 - -1?
-2161452
In base 6, what is -5 - -15000114?
15000105
In base 9, what is 2 + -66488?
-66486
In base 10, what is 116 - 81?
35
In base 6, what is -3132515 - 4?
-3132523
In base 11, what is 81a - -1?
820
In base 6, what is -43 + 4102?
4015
In base 9, what is 760123 + 0?
760123
In base 7, what is 20 - -40301?
40321
In base 5, what is 11 - -103224?
103240
In base 5, what is 313434212 - -2?
313434214
In base 7, what is 124333 - -20?
124353
In base 4, what is 1310 + -33201?
-31231
In base 4, what is -1013 - 13020123?
-13021202
In base 16, what is e + -64e8?
-64da
In base 2, what is -1001 - -110011011011?
110011010010
In base 11, what is -1 - 48708?
-48709
In base 11, what is 7 + 23144?
23150
In base 10, what is 10 - -1978?
1988
In base 16, what is 44c1 - -6?
44c7
In base 11, what is 2 + -1a8a?
-1a88
In base 4, what is -1030 - 11121?
-12211
In base 14, what is 3 + -1dc9c?
-1dc99
In base 12, what is 19 - 43b7?
-439a
In base 6, what is -11130014 - 1?
-11130015
In base 9, what is 55467 - -3?
55471
In base 15, what is -57d90 - 3?
-57d93
In base 9, what is -242665 + 2?
-242663
In base 7, what is -3632 - 130?
-4062
In base 6, what is 1 - -50203?
50204
In base 14, what is 2c + 1b4?
202
In base 6, what is -30303 + 1?
-30302
In base 13, what is -300406 + 4?
-300402
In base 2, what is -1010101 + 1111101?
101000
In base 8, what is -13606 + 15?
-13571
In base 14, what is 3 + 31cd6?
31cd9
In base 12, what is 10560a + -3?
105607
In base 2, what is 10000 - -11110010110?
11110100110
In base 3, what is -201 + 1110202?
1110001
In base 2, what is -100011011101110011101 + 0?
-100011011101110011101
In base 15, what is 20 - dd6?
-db6
In base 11, what is 28 - 228a7?
-2287a
In base 2, what is -101 - -1001001011001010011?
1001001011001001110
In base 13, what is 2 + 8753?
8755
In base 4, what is 101 - -23001012?
23001113
In base 5, what is -4 - -24244140?
24244131
In base 4, what is -130132 + 23?
-130103
In base 13, what is -1673 + 3?
-1670
In base 10, what is 6